{"id":126,"date":"2025-01-17T17:35:44","date_gmt":"2025-01-17T17:35:44","guid":{"rendered":"https:\/\/8enhc3enhq.web.ua.pt\/?page_id=126"},"modified":"2025-04-28T09:43:23","modified_gmt":"2025-04-28T09:43:23","slug":"datas-importantes","status":"publish","type":"page","link":"https:\/\/8enhc3enhq.web.ua.pt\/?page_id=126","title":{"rendered":"Submiss\u00e3o e Datas importantes"},"content":{"rendered":"\n<div class=\"wp-block-group alignfull has-accent-2-background-color has-background has-global-padding is-layout-constrained wp-container-core-group-is-layout-1 wp-block-group-is-layout-constrained\" style=\"margin-top:0;margin-bottom:0;padding-top:var(--wp--preset--spacing--50);padding-right:var(--wp--preset--spacing--50);padding-bottom:var(--wp--preset--spacing--50);padding-left:var(--wp--preset--spacing--50)\">\n<div class=\"wp-block-columns alignwide is-layout-flex wp-container-core-columns-is-layout-1 wp-block-columns-is-layout-flex\">\n<div class=\"wp-block-column is-layout-flow wp-block-column-is-layout-flow\" style=\"flex-basis:40%\">\n<p class=\"has-contrast-2-color has-text-color has-link-color wp-elements-29c90b996af7118b0d017231be14328b wp-container-content-1\"><strong>8ENHCT || 3ENHQ<\/strong><\/p>\n<\/div>\n\n\n\n<div class=\"wp-block-column is-layout-flow wp-block-column-is-layout-flow\" style=\"flex-basis:60%\">\n<p class=\"has-accent-3-color has-text-color has-link-color has-heading-font-family has-x-large-font-size wp-elements-0fc2c6838d87be01f04fc720422c3fc2\" style=\"line-height:1.2\"><strong>Submiss\u00e3o<\/strong><\/p>\n\n\n\n<p>Submiss\u00e3o de Resumos <s>30 de abril<\/s><strong> 18 de maio 2025<\/strong> via formul\u00e1rio de inscri\u00e7\u00e3o:<\/p>\n\n\n\n<div class=\"wp-block-buttons is-layout-flex wp-block-buttons-is-layout-flex\">\n<div class=\"wp-block-button\"><a class=\"wp-block-button__link wp-element-button\" href=\"https:\/\/forms.ua.pt\/index.php?r=survey\/index&amp;sid=886889&amp;lang=pt\" target=\"_blank\" rel=\"noreferrer noopener\">Formul\u00e1rio de Inscri\u00e7\u00e3o e Submiss\u00e3o<\/a><\/div>\n<\/div>\n\n\n\n<div style=\"height:20px\" aria-hidden=\"true\" class=\"wp-block-spacer\"><\/div>\n\n\n\n<p><strong>Nota:<\/strong><\/p>\n\n\n\n<p>Em &#8220;participa\u00e7\u00e3o&#8221;, escolhendo &#8220;sim&#8221; na quest\u00e3o &#8220;Participa\u00e7\u00e3o com comunica\u00e7\u00e3o?&#8221;, ter\u00e1 acesso a um campo para upload de ficheiros, onde pode fazer.<\/p>\n\n\n\n<p>Dever\u00e1 seguir as indica\u00e7\u00f5es do modelo de resumo, dispon\u00edvel abaixo.<\/p>\n\n\n\n<p>O formul\u00e1rio permite a submiss\u00e3o de dois ficheiros por apresentador: uma vers\u00e3o completa com dados de autores, e uma vers\u00e3o anonimizada pronta para revis\u00e3o por pares.<\/p>\n\n\n\n<p><strong>Apenas dever\u00e1 ser submetida uma proposta por apresentador.<\/strong><\/p>\n\n\n\n<div class=\"wp-block-buttons is-content-justification-left is-layout-flex wp-container-core-buttons-is-layout-2 wp-block-buttons-is-layout-flex\">\n<div class=\"wp-block-button\"><a class=\"wp-block-button__link wp-element-button\" href=\"https:\/\/8enhc3enhq.web.ua.pt\/wp-content\/uploads\/2025\/03\/Submissao-de-resumos_TEMPLATE.docx\">Modelo de Resumo<\/a><\/div>\n<\/div>\n\n\n\n<div style=\"height:20px\" aria-hidden=\"true\" class=\"wp-block-spacer\"><\/div>\n\n\n\n<p class=\"has-accent-3-color has-text-color has-link-color has-heading-font-family has-x-large-font-size wp-elements-357f76b90f1d1d753568efdad9e61031\" style=\"line-height:1.2\"><strong>Datas importantes<\/strong><\/p>\n\n\n\n<p>Submiss\u00e3o de Resumos: <s>30 de abril<\/s> <strong>18 de maio 2025<\/strong><\/p>\n\n\n\n<p>Aceita\u00e7\u00e3o de Resumos: <s>24 de maio<\/s> <strong>3 de junho 2025<\/strong><\/p>\n\n\n\n<p>Inscri\u00e7\u00e3o antecipada: <s>15 de junho<\/s><strong> 22 de junho 2025<\/strong><\/p>\n\n\n\n<p>Inscri\u00e7\u00e3o                           <strong>20 de julho 2025<\/strong><\/p>\n\n\n\n<div style=\"height:30px\" aria-hidden=\"true\" class=\"wp-block-spacer\"><\/div>\n<\/div>\n<\/div>\n\n\n\n<figure class=\"wp-block-image alignfull size-large\"><img loading=\"lazy\" decoding=\"async\" width=\"1024\" height=\"724\" src=\"https:\/\/8enhc3enhq.web.ua.pt\/wp-content\/uploads\/2025\/01\/202501_imagem-evento_02-2-1024x724.png\" alt=\"\" class=\"wp-image-329\" srcset=\"https:\/\/8enhc3enhq.web.ua.pt\/wp-content\/uploads\/2025\/01\/202501_imagem-evento_02-2-1024x724.png 1024w, https:\/\/8enhc3enhq.web.ua.pt\/wp-content\/uploads\/2025\/01\/202501_imagem-evento_02-2-300x212.png 300w, https:\/\/8enhc3enhq.web.ua.pt\/wp-content\/uploads\/2025\/01\/202501_imagem-evento_02-2-768x543.png 768w, https:\/\/8enhc3enhq.web.ua.pt\/wp-content\/uploads\/2025\/01\/202501_imagem-evento_02-2-1536x1086.png 1536w, https:\/\/8enhc3enhq.web.ua.pt\/wp-content\/uploads\/2025\/01\/202501_imagem-evento_02-2-2048x1448.png 2048w\" sizes=\"auto, (max-width: 1024px) 100vw, 1024px\" \/><\/figure>\n<\/div>\n\n\n\n<p><\/p>\n","protected":false},"excerpt":{"rendered":"<p>8ENHCT || 3ENHQ Submiss\u00e3o Submiss\u00e3o de Resumos 30 de abril 18 de maio 2025 via formul\u00e1rio de inscri\u00e7\u00e3o: Nota: Em &#8220;participa\u00e7\u00e3o&#8221;, escolhendo &#8220;sim&#8221; na quest\u00e3o &#8220;Participa\u00e7\u00e3o com comunica\u00e7\u00e3o?&#8221;, ter\u00e1 acesso a um campo para upload de ficheiros, onde pode fazer. Dever\u00e1 seguir as indica\u00e7\u00f5es do modelo de resumo, dispon\u00edvel abaixo. O formul\u00e1rio permite a submiss\u00e3o [&hellip;]<\/p>\n","protected":false},"author":3,"featured_media":0,"parent":0,"menu_order":5,"comment_status":"closed","ping_status":"closed","template":"","meta":{"footnotes":""},"class_list":["post-126","page","type-page","status-publish","hentry"],"_links":{"self":[{"href":"https:\/\/8enhc3enhq.web.ua.pt\/index.php?rest_route=\/wp\/v2\/pages\/126","targetHints":{"allow":["GET"]}}],"collection":[{"href":"https:\/\/8enhc3enhq.web.ua.pt\/index.php?rest_route=\/wp\/v2\/pages"}],"about":[{"href":"https:\/\/8enhc3enhq.web.ua.pt\/index.php?rest_route=\/wp\/v2\/types\/page"}],"author":[{"embeddable":true,"href":"https:\/\/8enhc3enhq.web.ua.pt\/index.php?rest_route=\/wp\/v2\/users\/3"}],"replies":[{"embeddable":true,"href":"https:\/\/8enhc3enhq.web.ua.pt\/index.php?rest_route=%2Fwp%2Fv2%2Fcomments&post=126"}],"version-history":[{"count":18,"href":"https:\/\/8enhc3enhq.web.ua.pt\/index.php?rest_route=\/wp\/v2\/pages\/126\/revisions"}],"predecessor-version":[{"id":809,"href":"https:\/\/8enhc3enhq.web.ua.pt\/index.php?rest_route=\/wp\/v2\/pages\/126\/revisions\/809"}],"wp:attachment":[{"href":"https:\/\/8enhc3enhq.web.ua.pt\/index.php?rest_route=%2Fwp%2Fv2%2Fmedia&parent=126"}],"curies":[{"name":"wp","href":"https:\/\/api.w.org\/{rel}","templated":true}]}}